e
Is 734140 a multiple of 188?
True
Is 4 a factor of 35651?
False
Is 673522 a multiple of 28?
False
Is 1016792 a multiple of 938?
True
Does 29 divide 87435?
True
Is 10 a factor of 14414720?
True
Is 704379 a multiple of 39?
True
Does 638 divide 2214996?
False
Does 803 divide 1046025?
False
Is 305 a factor of 121390?
True
Is 5 a factor of 1180680?
True
Is 261 a factor of 209844?
True
Is 105892 a multiple of 92?
True
Is 123366 a multiple of 70?
False
Is 2 a factor of 28695?
False
Does 25 divide 9568867?
False
Is 100 a factor of 3182900?
True
Is 9251 a multiple of 5?
False
Does 169 divide 202631?
True
Is 245 a factor of 3738455?
True
Is 6226134 a multiple of 1590?
False
Does 398 divide 15563228?
False
Is 262621 a multiple of 283?
False
Is 7562 a multiple of 5?
False
Does 320 divide 682560?
True
Is 396 a factor of 297792?
True
Is 918119 a multiple of 901?
True
Is 643 a factor of 2547566?
True
Is 10 a factor of 5172894?
False
Is 284970 a multiple of 223?
False
Is 162162 a multiple of 21?
True
Is 274528 a multiple of 40?
False
Does 119 divide 395080?
True
Does 618 divide 438951?
False
Does 381 divide 129921?
True
Does 297 divide 393776?
False
Is 1060 a factor of 1401320?
True
Is 190 a factor of 454257?
False
Is 327306 a multiple of 7?
True
Is 13136455 a multiple of 282?
False
Does 12 divide 3139805?
False
Is 13 a factor of 419562?
True
Is 11 a factor of 189220?
False
Is 19 a factor of 407189?
True
Does 17 divide 418406?
False
Is 97563 a multiple of 37?
False
Is 334 a factor of 397453?
False
Does 116 divide 1633512?
True
Does 28 divide 1811432?
True
Is 17 a factor of 7708939?
True
Does 6 divide 144348?
True
Does 28 divide 469827?
False
Is 5267152 a multiple of 88?
True
Does 26 divide 16432?
True
Is 25 a factor of 2315800?
True
Is 33 a factor of 1634089?
False
Is 12 a factor of 1068588?
True
Is 144796 a multiple of 14?
False
Does 45 divide 10418639?
False
Does 16 divide 681168?
True
Is 8402589 a multiple of 1167?
False
Is 21 a factor of 1230021?
False
Does 572 divide 1706599?
False
Is 530 a factor of 1737870?
True
Is 514455 a multiple of 15?
True
Is 154917 a multiple of 9?
True
Is 49 a factor of 209916?
True
Is 16 a factor of 684806?
False
Is 3393278 a multiple of 14?
True
Is 626744 a multiple of 47?
False
Is 10 a factor of 336300?
True
Is 231149 a multiple of 13?
False
Is 710602 a multiple of 113?
False
Is 10 a factor of 201342?
False
Is 2232361 a multiple of 3?
False
Does 133 divide 634215?
False
Is 645 a factor of 876335?
False
Is 344 a factor of 143045?
False
Is 70 a factor of 54740?
True
Does 13 divide 1164579?
True
Does 115 divide 361813?
False
Is 79 a factor of 12986?
False
Is 4095545 a multiple of 128?
False
Is 65115 a multiple of 2?
False
Does 18 divide 830754?
True
Is 18 a factor of 7020226?
False
Is 1751268 a multiple of 12?
True
Is 38 a factor of 149078?
False
Is 568 a factor of 1798714?
False
Is 1799992 a multiple of 284?
True
Is 1001556 a multiple of 47?
False
Does 127 divide 306832?
True
Is 12 a factor of 3913884?
True
Does 5 divide 89015?
True
Is 294000 a multiple of 147?
True
Does 29 divide 156937?
False
Is 1492977 a multiple of 87?
False
Does 23 divide 27786001?
True
Does 58 divide 11623617?
False
Does 834 divide 208500?
True
Is 266 a factor of 1053423?
False
Does 74 divide 96593?
False
Is 173 a factor of 353439?
True
Is 276604 a multiple of 39?
False
Is 1546847 a multiple of 1006?
False
Does 315 divide 4961018?
False
Is 7129430 a multiple of 517?
True
Does 1029 divide 31077858?
True
Is 8628253 a multiple of 6?
False
Does 188 divide 590661?
False
Is 1727550 a multiple of 225?
True
Does 25 divide 6781552?
False
Is 6 a factor of 13003?
False
Is 195121 a multiple of 42?
False
Does 52 divide 1400984?
True
Is 15 a factor of 178665?
True
Is 96301 a multiple of 82?
False
Is 358 a factor of 30307401?
False
Is 13814 a multiple of 60?
False
Does 9 divide 231387?
False
Does 26 divide 7291931?
False
Is 496931 a multiple of 206?
False
Is 12 a factor of 59472?
True
Is 8 a factor of 443436?
False
Is 326 a factor of 7704684?
True
Is 259 a factor of 1462573?
True
Does 161 divide 41206?
False
Is 91 a factor of 849007?
False
Is 4 a factor of 295954?
False
Is 8166 a multiple of 2?
True
Is 3936269 a multiple of 10?
False
Is 399072 a multiple of 96?
True
Is 26 a factor of 249220?
False
Is 879413 a multiple of 77?
False
Is 4975519 a multiple of 21?
False
Does 10 divide 5560?
True
Does 20 divide 2900344?
False
Is 4 a factor of 1285692?
True
Is 698880 a multiple of 35?
True
Is 4651307 a multiple of 37?
True
Is 28 a factor of 141570?
False
Is 499 a factor of 6540685?
False
Does 439 divide 259938?
False
Does 139 divide 4737392?
False
Is 43 a factor of 521558?
False
Does 57 divide 103968?
True
Is 775931 a multiple of 656?
False
Does 681 divide 1172485?
False
Does 4 divide 20148?
True
Does 62 divide 931752?
False
Is 2511642 a multiple of 147?
True
Is 77 a factor of 161418?
False
Is 472 a factor of 1088904?
True
Is 14091 a multiple of 29?
False
Is 844137 a multiple of 22?
False
Is 6974600 a multiple of 8?
True
Is 419 a factor of 1606363?
False
Is 7 a factor of 2261854?
True
Does 13 divide 2346911?
False
Is 173 a factor of 89842?
False
Is 5 a factor of 57369?
False
Is 437801 a multiple of 5?
False
Does 9 divide 537033?
False
Is 43 a factor of 125776?
False
Is 19 a factor of 1000291?
False
Is 830 a factor of 2836940?
True
Is 6 a factor of 1409104?
False
Is 42 a factor of 19192873?
False
Does 507 divide 489255?
True
Is 446 a factor of 3167046?
True
Does 92 divide 238195?
False
Does 127 divide 207137?
True
Does 8 divide 28453?
False
Does 179 divide 70755?
False
Is 749560 a multiple of 28?
True
Is 12 a factor of 226614?
False
Does 5 divide 953990?
True
Is 824578 even?
True
Is 266 a factor of 1367240?
True
Is 180090 a multiple of 138?
True
Is 143 a factor of 1467895?
True
Is 288042 a multiple of 105?
False
Is 776499 a multiple of 9?
False
Does 12 divide 350887?
False
Does 37 divide 8643496?
True
Does 273 divide 703716?
False
Does 379 divide 1119011?
False
Is 753635 a multiple of 53?
False
Is 353915 a multiple of 3?
False
Is 235 a factor of 302210?
True
Does 1178 divide 21077954?
True
Is 20 a factor of 42174?
False
Does 427 divide 936926?
False
Is 414437 a multiple of 76?
False
Does 19 divide 1018459?
False
Is 202 a factor of 492837?
False
Does 15 divide 103194?
False
Is 332956 a multiple of 11?
False
Does 32 divide 1869184?
True
Does 4 divide 821680?
True
Is 15439868 a multiple of 17?
False
Does 28 divide 1202?
False
Does 126 divide 2501752?
False
Is 683738 a multiple of 59?
False
Does 577 divide 469902?
False
Is 143 a factor of 168311?
True
Is 6110074 a multiple of 71?
False
Is 24 a factor of 7467480?
True
Is 72 a factor of 101151?
False
Is 1488 a multiple of 186?
True
Is 452925 a multiple of 55?
True
Does 106 divide 412044?
False
Does 39 divide 3071874?
True
Does 39 divide 36003?
False
Is 157 a factor of 2422981?
True
Is 337942 a multiple of 58?
False
Does 55 divide 837485?
True
Is 95371 a multiple of 29?
False
Is 74 a factor of 47327?
False
Is 407886 a multiple of 3?
True
Is 166 a factor of 432762?
True
Does 171 divide 12312?
True
Does 11 divide 879255?
False
Is 298 a factor of 244367?
False
Is 79 a factor of 2485656?
True
Does 26 divide 2836279?
False
Does 516 divide 196167?
False
Is 859 a factor of 1568534?
True
Is 1235 a factor of 19630017?
False
Does 86 divide 44937?
False
Is 15 a factor of 2907376?
False
Is 71 a factor of 325884?
False
Is 27 a factor of 58504?
False
Is 15 a factor of 166020?
True
Is 15 a factor of 1936380?
True
Is 319785 a multiple of 50?
False
Is 109 a factor of 59732?
True
Is 79 a factor of 1075111?
True
Is 110 a factor of 381776?
False
Is 622 a factor of 2675844?
True
Does 166 divide 9917670?
True
Is 4400714 a multiple of 137?
True
Does 52 divide 109044?
True
Is 4726560 a multiple of 86?
True
Does 14 divide 3393222?
True
Does 21 divide 266007?
True
Is 248256 a multiple of 32?
True
Does 22 divide 13684?
True
Is 2083794 a multiple of 678?
False
Is 40 a factor of 33902?
False
Does 11 divide 132979?
True
Does 10 divide 1614620?
True
Is 22 a factor of 31086?
True
Does 16 divide 3503392?
True
Is 636379 a multiple of 375?
False
Is 218 a factor of 313957?
False
Is 18 a factor of 30429?
False
Does 232 divide 222256?
True
Is 14 a factor of 118168?